{"id":2226,"date":"2022-09-02T22:03:17","date_gmt":"2022-09-02T20:03:17","guid":{"rendered":"https:\/\/www.danaelle-voyance.com\/voyance-par-telephone\/?page_id=2226"},"modified":"2022-09-02T22:45:30","modified_gmt":"2022-09-02T20:45:30","slug":"cabinet-danaelle-voyance-dijon","status":"publish","type":"page","link":"https:\/\/www.danaelle-voyance.com\/voyance-par-telephone\/cabinet-danaelle-voyance-dijon\/","title":{"rendered":"Ouverture du Cabinet Danaelle Voyance \u00e0 Dijon"},"content":{"rendered":"\n<p>Nous comprenons que certaines personnes n&rsquo;appr\u00e9cient pas les consultations par t\u00e9l\u00e9phone. Pourquoi priver ces personnes d&rsquo;un service dont ils ont besoin ? La r\u00e9ponse est le Cabinet Danaelle Voyance.<\/p>\n\n\n\n<p>Et bien pour les Dijonnais, cette injustice est corrig\u00e9e ! En effet, nous venons d&rsquo;ouvrir notre Cabinet  Danaelle Voyance pour des consultations priv\u00e9es en face \u00e0 face. Pour venir nous rencontrer, vous pouvez prendre un rendez-vous en appelant le <a href=\"tel:0954551834\">09 54 55 18 34<\/a> (prix d&rsquo;un appel en France).<\/p>\n\n\n\n<p>Alors les Dijonnais, n&rsquo;h\u00e9sitez pas \u00e0 nous appeler !<\/p>\n\n\n\n<p>Si vous pr\u00e9f\u00e9rez une consultation par t\u00e9l\u00e9phone ou que vous habitez loin de Dijon, d\u00e9couvrez <a href=\"https:\/\/www.danaelle-voyance.com\/voyance-par-telephone\/nos-voyants-par-telephone\/\">nos voyants et voyantes<\/a>.<\/p>\n\n\n\n<p>Vous pouvez donc d\u00e9sormais, consulter une de nos meilleures voyantes sur Dijon en consultation priv\u00e9e.<\/p>\n\n\n\n<p><em>Vous avez d\u00e9j\u00e0 consult\u00e9 notre voyante de Dijon !<\/em> Vous pouvez laisser un avis sur <a href=\"https:\/\/goo.gl\/maps\/PiVzDijhBmBvSPUN9\">notre fiche Google Maps<\/a>.  Ces avis aideront les autres personnes int\u00e9ress\u00e9es par une consultation sur Dijon.<\/p>\n","protected":false},"excerpt":{"rendered":"<div class=\"mh-excerpt\"><p>Nous comprenons que certaines personnes n&rsquo;appr\u00e9cient pas les consultations par t\u00e9l\u00e9phone. Pourquoi priver ces personnes d&rsquo;un service dont ils ont besoin ? La r\u00e9ponse est <a class=\"mh-excerpt-more\" href=\"https:\/\/www.danaelle-voyance.com\/voyance-par-telephone\/cabinet-danaelle-voyance-dijon\/\" title=\"Ouverture du Cabinet Danaelle Voyance \u00e0 Dijon\">[&#8230;]<\/a><\/p>\n<\/div>","protected":false},"author":4,"featured_media":0,"parent":0,"menu_order":0,"comment_status":"closed","ping_status":"closed","template":"","meta":{"footnotes":""},"class_list":["post-2226","page","type-page","status-publish","hentry"],"yoast_head":"<!-- This site is optimized with the Yoast SEO plugin v24.9 - https:\/\/yoast.com\/wordpress\/plugins\/seo\/ -->\n<title>Cabinet Danaelle Voyance Dijon \u2022 Danaelle - Voyance<\/title>\n<meta name=\"description\" content=\"Le Cabinet Danaelle Voyance re\u00e7oit maintenant pour des consultations priv\u00e9es en face \u00e0 face \u00e0 Dijon. prenez rendez-vous.\" \/>\n<meta name=\"robots\" content=\"index, follow, max-snippet:-1, max-image-preview:large, max-video-preview:-1\" \/>\n<link rel=\"canonical\" href=\"https:\/\/www.danaelle-voyance.com\/voyance-par-telephone\/cabinet-danaelle-voyance-dijon\/\" \/>\n<meta property=\"og:locale\" content=\"fr_FR\" \/>\n<meta property=\"og:type\" content=\"article\" \/>\n<meta property=\"og:title\" content=\"Cabinet Danaelle Voyance Dijon \u2022 Danaelle - Voyance\" \/>\n<meta property=\"og:description\" content=\"Le Cabinet Danaelle Voyance re\u00e7oit maintenant pour des consultations priv\u00e9es en face \u00e0 face \u00e0 Dijon. prenez rendez-vous.\" \/>\n<meta property=\"og:url\" content=\"https:\/\/www.danaelle-voyance.com\/voyance-par-telephone\/cabinet-danaelle-voyance-dijon\/\" \/>\n<meta property=\"og:site_name\" content=\"Danaelle - Voyance\" \/>\n<meta property=\"article:publisher\" content=\"https:\/\/www.facebook.com\/danaellevoyance\" \/>\n<meta property=\"article:modified_time\" content=\"2022-09-02T20:45:30+00:00\" \/>\n<meta name=\"twitter:label1\" content=\"Dur\u00e9e de lecture estim\u00e9e\" \/>\n\t<meta name=\"twitter:data1\" content=\"1 minute\" \/>\n<script type=\"application\/ld+json\" class=\"yoast-schema-graph\">{\"@context\":\"https:\/\/schema.org\",\"@graph\":[{\"@type\":\"WebPage\",\"@id\":\"https:\/\/www.danaelle-voyance.com\/voyance-par-telephone\/cabinet-danaelle-voyance-dijon\/\",\"url\":\"https:\/\/www.danaelle-voyance.com\/voyance-par-telephone\/cabinet-danaelle-voyance-dijon\/\",\"name\":\"Cabinet Danaelle Voyance Dijon \u2022 Danaelle - Voyance\",\"isPartOf\":{\"@id\":\"https:\/\/www.danaelle-voyance.com\/voyance-par-telephone\/#website\"},\"datePublished\":\"2022-09-02T20:03:17+00:00\",\"dateModified\":\"2022-09-02T20:45:30+00:00\",\"description\":\"Le Cabinet Danaelle Voyance re\u00e7oit maintenant pour des consultations priv\u00e9es en face \u00e0 face \u00e0 Dijon. prenez rendez-vous.\",\"breadcrumb\":{\"@id\":\"https:\/\/www.danaelle-voyance.com\/voyance-par-telephone\/cabinet-danaelle-voyance-dijon\/#breadcrumb\"},\"inLanguage\":\"fr-FR\",\"potentialAction\":[{\"@type\":\"ReadAction\",\"target\":[\"https:\/\/www.danaelle-voyance.com\/voyance-par-telephone\/cabinet-danaelle-voyance-dijon\/\"]}]},{\"@type\":\"BreadcrumbList\",\"@id\":\"https:\/\/www.danaelle-voyance.com\/voyance-par-telephone\/cabinet-danaelle-voyance-dijon\/#breadcrumb\",\"itemListElement\":[{\"@type\":\"ListItem\",\"position\":1,\"name\":\"Home\",\"item\":\"https:\/\/www.danaelle-voyance.com\/voyance-par-telephone\/\"},{\"@type\":\"ListItem\",\"position\":2,\"name\":\"Ouverture du Cabinet Danaelle Voyance \u00e0 Dijon\"}]},{\"@type\":\"WebSite\",\"@id\":\"https:\/\/www.danaelle-voyance.com\/voyance-par-telephone\/#website\",\"url\":\"https:\/\/www.danaelle-voyance.com\/voyance-par-telephone\/\",\"name\":\"Danaelle - Voyance\",\"description\":\"Voyance par t\u00e9l\u00e9phone - Des voyants professionnels \u00e0 votre service\",\"publisher\":{\"@id\":\"https:\/\/www.danaelle-voyance.com\/voyance-par-telephone\/#organization\"},\"potentialAction\":[{\"@type\":\"SearchAction\",\"target\":{\"@type\":\"EntryPoint\",\"urlTemplate\":\"https:\/\/www.danaelle-voyance.com\/voyance-par-telephone\/?s={search_term_string}\"},\"query-input\":{\"@type\":\"PropertyValueSpecification\",\"valueRequired\":true,\"valueName\":\"search_term_string\"}}],\"inLanguage\":\"fr-FR\"},{\"@type\":\"Organization\",\"@id\":\"https:\/\/www.danaelle-voyance.com\/voyance-par-telephone\/#organization\",\"name\":\"Danaelle Voyance\",\"url\":\"https:\/\/www.danaelle-voyance.com\/voyance-par-telephone\/\",\"logo\":{\"@type\":\"ImageObject\",\"inLanguage\":\"fr-FR\",\"@id\":\"https:\/\/www.danaelle-voyance.com\/voyance-par-telephone\/#\/schema\/logo\/image\/\",\"url\":\"https:\/\/www.danaelle-voyance.com\/wp-content\/uploads\/2018\/10\/logo-danaelle-voyance-e1539618780249.png\",\"contentUrl\":\"https:\/\/www.danaelle-voyance.com\/wp-content\/uploads\/2018\/10\/logo-danaelle-voyance-e1539618780249.png\",\"width\":116,\"height\":140,\"caption\":\"Danaelle Voyance\"},\"image\":{\"@id\":\"https:\/\/www.danaelle-voyance.com\/voyance-par-telephone\/#\/schema\/logo\/image\/\"},\"sameAs\":[\"https:\/\/www.facebook.com\/danaellevoyance\"]}]}<\/script>\n<!-- \/ Yoast SEO plugin. -->","yoast_head_json":{"title":"Cabinet Danaelle Voyance Dijon \u2022 Danaelle - Voyance","description":"Le Cabinet Danaelle Voyance re\u00e7oit maintenant pour des consultations priv\u00e9es en face \u00e0 face \u00e0 Dijon. prenez rendez-vous.","robots":{"index":"index","follow":"follow","max-snippet":"max-snippet:-1","max-image-preview":"max-image-preview:large","max-video-preview":"max-video-preview:-1"},"canonical":"https:\/\/www.danaelle-voyance.com\/voyance-par-telephone\/cabinet-danaelle-voyance-dijon\/","og_locale":"fr_FR","og_type":"article","og_title":"Cabinet Danaelle Voyance Dijon \u2022 Danaelle - Voyance","og_description":"Le Cabinet Danaelle Voyance re\u00e7oit maintenant pour des consultations priv\u00e9es en face \u00e0 face \u00e0 Dijon. prenez rendez-vous.","og_url":"https:\/\/www.danaelle-voyance.com\/voyance-par-telephone\/cabinet-danaelle-voyance-dijon\/","og_site_name":"Danaelle - Voyance","article_publisher":"https:\/\/www.facebook.com\/danaellevoyance","article_modified_time":"2022-09-02T20:45:30+00:00","twitter_misc":{"Dur\u00e9e de lecture estim\u00e9e":"1 minute"},"schema":{"@context":"https:\/\/schema.org","@graph":[{"@type":"WebPage","@id":"https:\/\/www.danaelle-voyance.com\/voyance-par-telephone\/cabinet-danaelle-voyance-dijon\/","url":"https:\/\/www.danaelle-voyance.com\/voyance-par-telephone\/cabinet-danaelle-voyance-dijon\/","name":"Cabinet Danaelle Voyance Dijon \u2022 Danaelle - Voyance","isPartOf":{"@id":"https:\/\/www.danaelle-voyance.com\/voyance-par-telephone\/#website"},"datePublished":"2022-09-02T20:03:17+00:00","dateModified":"2022-09-02T20:45:30+00:00","description":"Le Cabinet Danaelle Voyance re\u00e7oit maintenant pour des consultations priv\u00e9es en face \u00e0 face \u00e0 Dijon. prenez rendez-vous.","breadcrumb":{"@id":"https:\/\/www.danaelle-voyance.com\/voyance-par-telephone\/cabinet-danaelle-voyance-dijon\/#breadcrumb"},"inLanguage":"fr-FR","potentialAction":[{"@type":"ReadAction","target":["https:\/\/www.danaelle-voyance.com\/voyance-par-telephone\/cabinet-danaelle-voyance-dijon\/"]}]},{"@type":"BreadcrumbList","@id":"https:\/\/www.danaelle-voyance.com\/voyance-par-telephone\/cabinet-danaelle-voyance-dijon\/#breadcrumb","itemListElement":[{"@type":"ListItem","position":1,"name":"Home","item":"https:\/\/www.danaelle-voyance.com\/voyance-par-telephone\/"},{"@type":"ListItem","position":2,"name":"Ouverture du Cabinet Danaelle Voyance \u00e0 Dijon"}]},{"@type":"WebSite","@id":"https:\/\/www.danaelle-voyance.com\/voyance-par-telephone\/#website","url":"https:\/\/www.danaelle-voyance.com\/voyance-par-telephone\/","name":"Danaelle - Voyance","description":"Voyance par t\u00e9l\u00e9phone - Des voyants professionnels \u00e0 votre service","publisher":{"@id":"https:\/\/www.danaelle-voyance.com\/voyance-par-telephone\/#organization"},"potentialAction":[{"@type":"SearchAction","target":{"@type":"EntryPoint","urlTemplate":"https:\/\/www.danaelle-voyance.com\/voyance-par-telephone\/?s={search_term_string}"},"query-input":{"@type":"PropertyValueSpecification","valueRequired":true,"valueName":"search_term_string"}}],"inLanguage":"fr-FR"},{"@type":"Organization","@id":"https:\/\/www.danaelle-voyance.com\/voyance-par-telephone\/#organization","name":"Danaelle Voyance","url":"https:\/\/www.danaelle-voyance.com\/voyance-par-telephone\/","logo":{"@type":"ImageObject","inLanguage":"fr-FR","@id":"https:\/\/www.danaelle-voyance.com\/voyance-par-telephone\/#\/schema\/logo\/image\/","url":"https:\/\/www.danaelle-voyance.com\/wp-content\/uploads\/2018\/10\/logo-danaelle-voyance-e1539618780249.png","contentUrl":"https:\/\/www.danaelle-voyance.com\/wp-content\/uploads\/2018\/10\/logo-danaelle-voyance-e1539618780249.png","width":116,"height":140,"caption":"Danaelle Voyance"},"image":{"@id":"https:\/\/www.danaelle-voyance.com\/voyance-par-telephone\/#\/schema\/logo\/image\/"},"sameAs":["https:\/\/www.facebook.com\/danaellevoyance"]}]}},"_links":{"self":[{"href":"https:\/\/www.danaelle-voyance.com\/voyance-par-telephone\/wp-json\/wp\/v2\/pages\/2226","targetHints":{"allow":["GET"]}}],"collection":[{"href":"https:\/\/www.danaelle-voyance.com\/voyance-par-telephone\/wp-json\/wp\/v2\/pages"}],"about":[{"href":"https:\/\/www.danaelle-voyance.com\/voyance-par-telephone\/wp-json\/wp\/v2\/types\/page"}],"author":[{"embeddable":true,"href":"https:\/\/www.danaelle-voyance.com\/voyance-par-telephone\/wp-json\/wp\/v2\/users\/4"}],"replies":[{"embeddable":true,"href":"https:\/\/www.danaelle-voyance.com\/voyance-par-telephone\/wp-json\/wp\/v2\/comments?post=2226"}],"version-history":[{"count":5,"href":"https:\/\/www.danaelle-voyance.com\/voyance-par-telephone\/wp-json\/wp\/v2\/pages\/2226\/revisions"}],"predecessor-version":[{"id":2236,"href":"https:\/\/www.danaelle-voyance.com\/voyance-par-telephone\/wp-json\/wp\/v2\/pages\/2226\/revisions\/2236"}],"wp:attachment":[{"href":"https:\/\/www.danaelle-voyance.com\/voyance-par-telephone\/wp-json\/wp\/v2\/media?parent=2226"}],"curies":[{"name":"wp","href":"https:\/\/api.w.org\/{rel}","templated":true}]}}