{"id":6,"date":"2013-06-20T16:20:36","date_gmt":"2013-06-20T14:20:36","guid":{"rendered":"http:\/\/www.danaelle-voyance.com\/?page_id=6"},"modified":"2018-01-24T01:11:38","modified_gmt":"2018-01-24T00:11:38","slug":"voyance-par-telephone","status":"publish","type":"page","link":"https:\/\/www.danaelle-voyance.com\/voyance-par-telephone\/voyance-par-telephone\/","title":{"rendered":"Voyance : Quels sont les atouts de la voyance par telephone ?"},"content":{"rendered":"<p>Depuis presque deux d\u00e9cennies, la <strong>voyance par telephone<\/strong> est un outil de communication qui a r\u00e9volutionn\u00e9 le monde de la consultation \u00e9sot\u00e9rique. Les atouts de cette technique de consultation de voyance sont nombreux. I Cela permet \u00e9galement d&rsquo;\u00e9tablir un diagnostique clair sur les dons de la voyante, du voyant, du m\u00e9dium ou tout autre professionnel des arts divinatoires. Les fran\u00e7ais l&rsquo;ont bien compris et nous sommes d\u00e9sormais plus de 3 millions dans l&rsquo;hexagone \u00e0 consulter par t\u00e9l\u00e9phone.<\/p>\n<ul>\n<li>Un premier atout majeur vient du fait que la voyante n&rsquo;a pas le contact visuel avec le consultant.<img loading=\"lazy\" decoding=\"async\" class=\"alignleft wp-image-1334 size-medium\" title=\"Voyance par telephone\" src=\"https:\/\/www.danaelle-voyance.com\/wp-content\/uploads\/2013\/06\/voyance-par-telephone-1-300x225.jpg\" alt=\"Voyance par telephone\" width=\"300\" height=\"225\" srcset=\"https:\/\/www.danaelle-voyance.com\/wp-content\/uploads\/2013\/06\/voyance-par-telephone-1.jpg 300w, https:\/\/www.danaelle-voyance.com\/wp-content\/uploads\/2013\/06\/voyance-par-telephone-1-80x60.jpg 80w\" sizes=\"auto, (max-width: 300px) 100vw, 300px\" \/>En effet, dans une consultation de voyance traditionnelle, en face \u00e0 face, le m\u00e9dium peut \u00eatre tenter d&rsquo;analyser et d\u00e9crypter le comportement physique de son consultant si celui \u00e0 un sens aiguis\u00e9 de la psychologie ! On parlera ici plus de psychologie morpho-\u00e9sot\u00e9rique que de voyance \u00e0 proprement parl\u00e9 !<br \/>\nL&rsquo;\u00e9loignement physique permet une divination particuli\u00e8re.<\/li>\n<li>Un deuxi\u00e8me atout est l&rsquo;imm\u00e9diatet\u00e9 de la consultation. En effet, \u00e0 tout moment de la journ\u00e9e ou de la soir\u00e9e, vous pouvez consulter une voyante ou un voyant en audiotel au <a href=\"tel:0892680681\"><strong>0892.680.681<\/strong><\/a>. Plus besoin de prendre rendez-vous et se d\u00e9placer chez Mme Soleil, elle vous attends au bout du fil !<\/li>\n<li>Un troisi\u00e8me atout tient \u00e0 sa discr\u00e9tion et \u00e0 son accessibilit\u00e9. En effet, non seulement le service de voyance telephone est accessible directement de sa maison ou tout autre endroit mais en plus de cela, il existe une discr\u00e9tion tout \u00e0 fait propice \u00e0 un dialogue plus d\u00e9contract\u00e9 et serein.<\/li>\n<li>Un quatri\u00e8me atout est son co\u00fbt. Ce type de service permet de pouvoir consulter \u00e0 tarif abordable pour la majorit\u00e9 des consultants sans facturation directe puisque le paiement intervient lors de la facturation par votre op\u00e9rateur telecom. De plus, une limitation l\u00e9gale fait que vous \u00eates automatiquement coup\u00e9 au bout de 30 minutes. Libre \u00e0 vous de rappeler par la suite.<\/li>\n<li>Un cinqui\u00e8me atout est la rapidit\u00e9 de la r\u00e9ponse \u00e0 la question que vous vous posez. Dans certains cas, la clairvoyance se fait rapidement gr\u00e2ce aux vibrations propices \u00e0 une pr\u00e9diction facilit\u00e9e. Ceci est imbattable ! Ce qui vous aurait pris du temps il y a quelques ann\u00e9es (prise de rendez-vous et d\u00e9placements) ne vous prend d\u00e9sormais que quelques minutes.<\/li>\n<\/ul>\n<p>Consulter ne se fait pas non plus \u00e0 la l\u00e9g\u00e8re. Il est important de bien choisir car les questions portent souvent sur l&rsquo;amour, le travail, la famille ou encore l&rsquo;avenir.<br \/>\nLes dons divinatoires sont tr\u00e8s importants et tous ne permettent pas de pratiquer la voyance par telephone. Le R\u00e9seau Danaelle Voyance se charge de s\u00e9lectionner des voyants ou m\u00e9diums dont les dons sont assez puissants pour pouvoir pratiquer via les moyens de t\u00e9l\u00e9communication modernes.<\/p>\n<h2>Quels sont les profils de personnes qui consultent ?<\/h2>\n<p>Tous les types socio-professionnels sans distinction consultent et 30% sont des hommes. Il n&rsquo;y a pas de profil particulier et le sujet dominant porte sur l&rsquo;amour.<\/p>\n<h3>voyance par telephone : Une voyante au t\u00e9l\u00e9phone nous raconte<\/h3>\n<p>St\u00e9phane a 34 ans et se fait vieux gar\u00e7on. Il est timide envers les femmes et en m\u00eame temps il se dit tr\u00e8s difficile \u00e0 vivre. Son physique ne lui permet pas d&rsquo;avoir assez confiance en lui pour \u00eatre charmeur et il aimerait bien savoir quand et o\u00f9 rencontrera-t-il une femme. Ma vision fut assez intense pour que je puisse correctement la d\u00e9crypter et ainsi lui communiquer. Il me rappela 3 ans apr\u00e8s en me disant non sans humour que si elle \u00e9tait bien vendeuse, plus jeune que lui et qu&rsquo;il a rencontr\u00e9 dans la m\u00eame ville, j&rsquo;aurais du voir qu&rsquo;elle \u00e9tait capricieuse.<\/p>\n<h3>voyance par telephone : Un voyant au t\u00e9l\u00e9phone nous raconte<\/h3>\n<p>2 ans apr\u00e8s une consultation, je re\u00e7ois un mail d&rsquo;une femme qui me demanda des excuses pour m&rsquo;avoir pourri auparavant. Elle avait bien rencontr\u00e9 l&rsquo;amour selon ma description mais j&rsquo;ai mal d\u00e9crypt\u00e9 la date avec une ann\u00e9e de d\u00e9calage tout de m\u00eame.<\/p>\n<h2>La voyance, marche-t-elle \u00e0 tous les coups ?<\/h2>\n<p>NON ! Celui qui vous dit le contraire n&rsquo;est pas un vrai professionnel. Toute voyante un tant soit peu s\u00e9rieuse connais la tr\u00e8s grande difficult\u00e9 de recoller les diff\u00e9rentes visions sans se tromper. C&rsquo;est d&rsquo;ailleurs \u00e0 ce niveau l\u00e0 qu&rsquo;\u00e0 don \u00e9quivalent l&rsquo;exp\u00e9rience joue.<br \/>\nIl est donc primordial de ne pas se fixer sur une pr\u00e9diction et de se laisser vivre librement. Non seulement l&rsquo;erreur guette mais en plus si le consultant ne laisse libre cours \u00e0 sa vie, il risquerait d&rsquo;avoir des comportements qui changeront sa destin\u00e9e. Une vision est un coup de pouce qui peut apporter une s\u00e9r\u00e9nit\u00e9, il faut le voir comme \u00e7a. D&rsquo;ailleurs la majorit\u00e9 des voyants ne pr\u00e9f\u00e8rent pas regarder leur propre avenir ou alors ils consultent eux-m\u00eame un confr\u00e8re. Quelle est l&rsquo;int\u00e9r\u00eat de toujours savoir ce qui risque de vous arriver sinon de vous enfermer dans des visions ? AUCUN !<\/p>\n","protected":false},"excerpt":{"rendered":"<div class=\"mh-excerpt\"><p>Depuis presque deux d\u00e9cennies, la voyance par telephone est un outil de communication qui a r\u00e9volutionn\u00e9 le monde de la consultation \u00e9sot\u00e9rique. Les atouts de <a class=\"mh-excerpt-more\" href=\"https:\/\/www.danaelle-voyance.com\/voyance-par-telephone\/voyance-par-telephone\/\" title=\"Voyance : Quels sont les atouts de la voyance par telephone ?\">[&#8230;]<\/a><\/p>\n<\/div>","protected":false},"author":1,"featured_media":0,"parent":0,"menu_order":1,"comment_status":"open","ping_status":"closed","template":"voyance-telephone.php","meta":{"footnotes":""},"class_list":["post-6","page","type-page","status-publish","hentry"],"yoast_head":"<!-- This site is optimized with the Yoast SEO plugin v24.9 - https:\/\/yoast.com\/wordpress\/plugins\/seo\/ -->\n<title>La consultations de voyance par telephone - De nombreux atouts<\/title>\n<meta name=\"description\" content=\"La voyance par telephone a r\u00e9volutionn\u00e9 le monde de la consultation \u00e9sot\u00e9rique. Retrouvez tous les atouts de la voyance par t\u00e9l\u00e9phone.\" \/>\n<meta name=\"robots\" content=\"index, follow, max-snippet:-1, max-image-preview:large, max-video-preview:-1\" \/>\n<link rel=\"canonical\" href=\"https:\/\/www.danaelle-voyance.com\/voyance-par-telephone\/voyance-par-telephone\/\" \/>\n<meta property=\"og:locale\" content=\"fr_FR\" \/>\n<meta property=\"og:type\" content=\"article\" \/>\n<meta property=\"og:title\" content=\"La consultations de voyance par telephone - De nombreux atouts\" \/>\n<meta property=\"og:description\" content=\"La voyance par telephone a r\u00e9volutionn\u00e9 le monde de la consultation \u00e9sot\u00e9rique. Retrouvez tous les atouts de la voyance par t\u00e9l\u00e9phone.\" \/>\n<meta property=\"og:url\" content=\"https:\/\/www.danaelle-voyance.com\/voyance-par-telephone\/voyance-par-telephone\/\" \/>\n<meta property=\"og:site_name\" content=\"Danaelle - Voyance\" \/>\n<meta property=\"article:publisher\" content=\"https:\/\/www.facebook.com\/danaellevoyance\" \/>\n<meta property=\"article:modified_time\" content=\"2018-01-24T00:11:38+00:00\" \/>\n<meta property=\"og:image\" content=\"https:\/\/www.danaelle-voyance.com\/wp-content\/uploads\/2013\/06\/voyance-par-telephone-1-300x225.jpg\" \/>\n<meta name=\"twitter:label1\" content=\"Dur\u00e9e de lecture estim\u00e9e\" \/>\n\t<meta name=\"twitter:data1\" content=\"4 minutes\" \/>\n<script type=\"application\/ld+json\" class=\"yoast-schema-graph\">{\"@context\":\"https:\/\/schema.org\",\"@graph\":[{\"@type\":\"WebPage\",\"@id\":\"https:\/\/www.danaelle-voyance.com\/voyance-par-telephone\/voyance-par-telephone\/\",\"url\":\"https:\/\/www.danaelle-voyance.com\/voyance-par-telephone\/voyance-par-telephone\/\",\"name\":\"La consultations de voyance par telephone - De nombreux atouts\",\"isPartOf\":{\"@id\":\"https:\/\/www.danaelle-voyance.com\/voyance-par-telephone\/#website\"},\"primaryImageOfPage\":{\"@id\":\"https:\/\/www.danaelle-voyance.com\/voyance-par-telephone\/voyance-par-telephone\/#primaryimage\"},\"image\":{\"@id\":\"https:\/\/www.danaelle-voyance.com\/voyance-par-telephone\/voyance-par-telephone\/#primaryimage\"},\"thumbnailUrl\":\"https:\/\/www.danaelle-voyance.com\/wp-content\/uploads\/2013\/06\/voyance-par-telephone-1-300x225.jpg\",\"datePublished\":\"2013-06-20T14:20:36+00:00\",\"dateModified\":\"2018-01-24T00:11:38+00:00\",\"description\":\"La voyance par telephone a r\u00e9volutionn\u00e9 le monde de la consultation \u00e9sot\u00e9rique. Retrouvez tous les atouts de la voyance par t\u00e9l\u00e9phone.\",\"breadcrumb\":{\"@id\":\"https:\/\/www.danaelle-voyance.com\/voyance-par-telephone\/voyance-par-telephone\/#breadcrumb\"},\"inLanguage\":\"fr-FR\",\"potentialAction\":[{\"@type\":\"ReadAction\",\"target\":[\"https:\/\/www.danaelle-voyance.com\/voyance-par-telephone\/voyance-par-telephone\/\"]}]},{\"@type\":\"ImageObject\",\"inLanguage\":\"fr-FR\",\"@id\":\"https:\/\/www.danaelle-voyance.com\/voyance-par-telephone\/voyance-par-telephone\/#primaryimage\",\"url\":\"https:\/\/www.danaelle-voyance.com\/wp-content\/uploads\/2013\/06\/voyance-par-telephone-1-300x225.jpg\",\"contentUrl\":\"https:\/\/www.danaelle-voyance.com\/wp-content\/uploads\/2013\/06\/voyance-par-telephone-1-300x225.jpg\"},{\"@type\":\"BreadcrumbList\",\"@id\":\"https:\/\/www.danaelle-voyance.com\/voyance-par-telephone\/voyance-par-telephone\/#breadcrumb\",\"itemListElement\":[{\"@type\":\"ListItem\",\"position\":1,\"name\":\"Home\",\"item\":\"https:\/\/www.danaelle-voyance.com\/voyance-par-telephone\/\"},{\"@type\":\"ListItem\",\"position\":2,\"name\":\"Voyance : Quels sont les atouts de la voyance par telephone ?\"}]},{\"@type\":\"WebSite\",\"@id\":\"https:\/\/www.danaelle-voyance.com\/voyance-par-telephone\/#website\",\"url\":\"https:\/\/www.danaelle-voyance.com\/voyance-par-telephone\/\",\"name\":\"Danaelle - Voyance\",\"description\":\"Voyance par t\u00e9l\u00e9phone - Des voyants professionnels \u00e0 votre service\",\"publisher\":{\"@id\":\"https:\/\/www.danaelle-voyance.com\/voyance-par-telephone\/#organization\"},\"potentialAction\":[{\"@type\":\"SearchAction\",\"target\":{\"@type\":\"EntryPoint\",\"urlTemplate\":\"https:\/\/www.danaelle-voyance.com\/voyance-par-telephone\/?s={search_term_string}\"},\"query-input\":{\"@type\":\"PropertyValueSpecification\",\"valueRequired\":true,\"valueName\":\"search_term_string\"}}],\"inLanguage\":\"fr-FR\"},{\"@type\":\"Organization\",\"@id\":\"https:\/\/www.danaelle-voyance.com\/voyance-par-telephone\/#organization\",\"name\":\"Danaelle Voyance\",\"url\":\"https:\/\/www.danaelle-voyance.com\/voyance-par-telephone\/\",\"logo\":{\"@type\":\"ImageObject\",\"inLanguage\":\"fr-FR\",\"@id\":\"https:\/\/www.danaelle-voyance.com\/voyance-par-telephone\/#\/schema\/logo\/image\/\",\"url\":\"https:\/\/www.danaelle-voyance.com\/wp-content\/uploads\/2018\/10\/logo-danaelle-voyance-e1539618780249.png\",\"contentUrl\":\"https:\/\/www.danaelle-voyance.com\/wp-content\/uploads\/2018\/10\/logo-danaelle-voyance-e1539618780249.png\",\"width\":116,\"height\":140,\"caption\":\"Danaelle Voyance\"},\"image\":{\"@id\":\"https:\/\/www.danaelle-voyance.com\/voyance-par-telephone\/#\/schema\/logo\/image\/\"},\"sameAs\":[\"https:\/\/www.facebook.com\/danaellevoyance\"]}]}<\/script>\n<!-- \/ Yoast SEO plugin. -->","yoast_head_json":{"title":"La consultations de voyance par telephone - De nombreux atouts","description":"La voyance par telephone a r\u00e9volutionn\u00e9 le monde de la consultation \u00e9sot\u00e9rique. Retrouvez tous les atouts de la voyance par t\u00e9l\u00e9phone.","robots":{"index":"index","follow":"follow","max-snippet":"max-snippet:-1","max-image-preview":"max-image-preview:large","max-video-preview":"max-video-preview:-1"},"canonical":"https:\/\/www.danaelle-voyance.com\/voyance-par-telephone\/voyance-par-telephone\/","og_locale":"fr_FR","og_type":"article","og_title":"La consultations de voyance par telephone - De nombreux atouts","og_description":"La voyance par telephone a r\u00e9volutionn\u00e9 le monde de la consultation \u00e9sot\u00e9rique. Retrouvez tous les atouts de la voyance par t\u00e9l\u00e9phone.","og_url":"https:\/\/www.danaelle-voyance.com\/voyance-par-telephone\/voyance-par-telephone\/","og_site_name":"Danaelle - Voyance","article_publisher":"https:\/\/www.facebook.com\/danaellevoyance","article_modified_time":"2018-01-24T00:11:38+00:00","og_image":[{"url":"https:\/\/www.danaelle-voyance.com\/wp-content\/uploads\/2013\/06\/voyance-par-telephone-1-300x225.jpg","type":"","width":"","height":""}],"twitter_misc":{"Dur\u00e9e de lecture estim\u00e9e":"4 minutes"},"schema":{"@context":"https:\/\/schema.org","@graph":[{"@type":"WebPage","@id":"https:\/\/www.danaelle-voyance.com\/voyance-par-telephone\/voyance-par-telephone\/","url":"https:\/\/www.danaelle-voyance.com\/voyance-par-telephone\/voyance-par-telephone\/","name":"La consultations de voyance par telephone - De nombreux atouts","isPartOf":{"@id":"https:\/\/www.danaelle-voyance.com\/voyance-par-telephone\/#website"},"primaryImageOfPage":{"@id":"https:\/\/www.danaelle-voyance.com\/voyance-par-telephone\/voyance-par-telephone\/#primaryimage"},"image":{"@id":"https:\/\/www.danaelle-voyance.com\/voyance-par-telephone\/voyance-par-telephone\/#primaryimage"},"thumbnailUrl":"https:\/\/www.danaelle-voyance.com\/wp-content\/uploads\/2013\/06\/voyance-par-telephone-1-300x225.jpg","datePublished":"2013-06-20T14:20:36+00:00","dateModified":"2018-01-24T00:11:38+00:00","description":"La voyance par telephone a r\u00e9volutionn\u00e9 le monde de la consultation \u00e9sot\u00e9rique. Retrouvez tous les atouts de la voyance par t\u00e9l\u00e9phone.","breadcrumb":{"@id":"https:\/\/www.danaelle-voyance.com\/voyance-par-telephone\/voyance-par-telephone\/#breadcrumb"},"inLanguage":"fr-FR","potentialAction":[{"@type":"ReadAction","target":["https:\/\/www.danaelle-voyance.com\/voyance-par-telephone\/voyance-par-telephone\/"]}]},{"@type":"ImageObject","inLanguage":"fr-FR","@id":"https:\/\/www.danaelle-voyance.com\/voyance-par-telephone\/voyance-par-telephone\/#primaryimage","url":"https:\/\/www.danaelle-voyance.com\/wp-content\/uploads\/2013\/06\/voyance-par-telephone-1-300x225.jpg","contentUrl":"https:\/\/www.danaelle-voyance.com\/wp-content\/uploads\/2013\/06\/voyance-par-telephone-1-300x225.jpg"},{"@type":"BreadcrumbList","@id":"https:\/\/www.danaelle-voyance.com\/voyance-par-telephone\/voyance-par-telephone\/#breadcrumb","itemListElement":[{"@type":"ListItem","position":1,"name":"Home","item":"https:\/\/www.danaelle-voyance.com\/voyance-par-telephone\/"},{"@type":"ListItem","position":2,"name":"Voyance : Quels sont les atouts de la voyance par telephone ?"}]},{"@type":"WebSite","@id":"https:\/\/www.danaelle-voyance.com\/voyance-par-telephone\/#website","url":"https:\/\/www.danaelle-voyance.com\/voyance-par-telephone\/","name":"Danaelle - Voyance","description":"Voyance par t\u00e9l\u00e9phone - Des voyants professionnels \u00e0 votre service","publisher":{"@id":"https:\/\/www.danaelle-voyance.com\/voyance-par-telephone\/#organization"},"potentialAction":[{"@type":"SearchAction","target":{"@type":"EntryPoint","urlTemplate":"https:\/\/www.danaelle-voyance.com\/voyance-par-telephone\/?s={search_term_string}"},"query-input":{"@type":"PropertyValueSpecification","valueRequired":true,"valueName":"search_term_string"}}],"inLanguage":"fr-FR"},{"@type":"Organization","@id":"https:\/\/www.danaelle-voyance.com\/voyance-par-telephone\/#organization","name":"Danaelle Voyance","url":"https:\/\/www.danaelle-voyance.com\/voyance-par-telephone\/","logo":{"@type":"ImageObject","inLanguage":"fr-FR","@id":"https:\/\/www.danaelle-voyance.com\/voyance-par-telephone\/#\/schema\/logo\/image\/","url":"https:\/\/www.danaelle-voyance.com\/wp-content\/uploads\/2018\/10\/logo-danaelle-voyance-e1539618780249.png","contentUrl":"https:\/\/www.danaelle-voyance.com\/wp-content\/uploads\/2018\/10\/logo-danaelle-voyance-e1539618780249.png","width":116,"height":140,"caption":"Danaelle Voyance"},"image":{"@id":"https:\/\/www.danaelle-voyance.com\/voyance-par-telephone\/#\/schema\/logo\/image\/"},"sameAs":["https:\/\/www.facebook.com\/danaellevoyance"]}]}},"_links":{"self":[{"href":"https:\/\/www.danaelle-voyance.com\/voyance-par-telephone\/wp-json\/wp\/v2\/pages\/6","targetHints":{"allow":["GET"]}}],"collection":[{"href":"https:\/\/www.danaelle-voyance.com\/voyance-par-telephone\/wp-json\/wp\/v2\/pages"}],"about":[{"href":"https:\/\/www.danaelle-voyance.com\/voyance-par-telephone\/wp-json\/wp\/v2\/types\/page"}],"author":[{"embeddable":true,"href":"https:\/\/www.danaelle-voyance.com\/voyance-par-telephone\/wp-json\/wp\/v2\/users\/1"}],"replies":[{"embeddable":true,"href":"https:\/\/www.danaelle-voyance.com\/voyance-par-telephone\/wp-json\/wp\/v2\/comments?post=6"}],"version-history":[{"count":37,"href":"https:\/\/www.danaelle-voyance.com\/voyance-par-telephone\/wp-json\/wp\/v2\/pages\/6\/revisions"}],"predecessor-version":[{"id":1632,"href":"https:\/\/www.danaelle-voyance.com\/voyance-par-telephone\/wp-json\/wp\/v2\/pages\/6\/revisions\/1632"}],"wp:attachment":[{"href":"https:\/\/www.danaelle-voyance.com\/voyance-par-telephone\/wp-json\/wp\/v2\/media?parent=6"}],"curies":[{"name":"wp","href":"https:\/\/api.w.org\/{rel}","templated":true}]}}